{"id":505,"date":"2021-10-29T09:21:57","date_gmt":"2021-10-29T07:21:57","guid":{"rendered":"https:\/\/labrigadedeco.fr\/?page_id=505"},"modified":"2021-10-29T11:19:43","modified_gmt":"2021-10-29T09:19:43","slug":"mobilier","status":"publish","type":"page","link":"https:\/\/labrigadedeco.fr\/index.php\/mobilier\/","title":{"rendered":""},"content":{"rendered":"\n<div id=\"athemes-blocks-block-8047b8e4\" class=\"wp-block-athemes-athemes-blocks-block-container athemes-blocks-block athemes-blocks-block-8047b8e4 athemes-blocks-block-container alignfull alignundefined\"><div class=\"athemes-blocks-block-container-wrapper athemes-blocks-block-container-bg-cover athemes-blocks-block-container-bg-effect-scroll\"><div class=\"athemes-blocks-block-container-wrapper-content\">\n<h2 class=\"alignfull has-text-align-center\">Nos mobiliers<\/h2>\n\n\n\n<p class=\"has-text-align-center\" style=\"font-size:15px\">d\u00e9couvrez quelques exemples de nos travaux<\/p>\n<\/div><\/div><\/div>\n\n\n\n<div class=\"wp-block-media-text alignwide is-stacked-on-mobile is-image-fill\" style=\"grid-template-columns:40% auto\"><figure class=\"wp-block-media-text__media\" style=\"background-image:url(https:\/\/labrigadedeco.fr\/wp-content\/uploads\/2021\/10\/IMG_0800-e1635493722841-876x1000.png);background-position:67% 16%\"><img loading=\"lazy\" width=\"876\" height=\"1000\" src=\"https:\/\/labrigadedeco.fr\/wp-content\/uploads\/2021\/10\/IMG_0800-e1635493722841-876x1000.png\" alt=\"\" class=\"wp-image-517 size-full\" srcset=\"https:\/\/labrigadedeco.fr\/wp-content\/uploads\/2021\/10\/IMG_0800-e1635493722841-876x1000.png 876w, https:\/\/labrigadedeco.fr\/wp-content\/uploads\/2021\/10\/IMG_0800-e1635493722841-263x300.png 263w, https:\/\/labrigadedeco.fr\/wp-content\/uploads\/2021\/10\/IMG_0800-e1635493722841-768x877.png 768w, https:\/\/labrigadedeco.fr\/wp-content\/uploads\/2021\/10\/IMG_0800-e1635493722841-1345x1536.png 1345w, https:\/\/labrigadedeco.fr\/wp-content\/uploads\/2021\/10\/IMG_0800-e1635493722841-1794x2048.png 1794w, https:\/\/labrigadedeco.fr\/wp-content\/uploads\/2021\/10\/IMG_0800-e1635493722841-175x200.png 175w, https:\/\/labrigadedeco.fr\/wp-content\/uploads\/2021\/10\/IMG_0800-e1635493722841-1140x1302.png 1140w, https:\/\/labrigadedeco.fr\/wp-content\/uploads\/2021\/10\/IMG_0800-e1635493722841-920x1050.png 920w, https:\/\/labrigadedeco.fr\/wp-content\/uploads\/2021\/10\/IMG_0800-e1635493722841-380x434.png 380w\" sizes=\"(max-width: 876px) 100vw, 876px\" \/><\/figure><div class=\"wp-block-media-text__content\">\n<h2 class=\"has-text-align-center\">R\u00e9alisation d&#8217;un meuble de rangement<\/h2>\n<\/div><\/div>\n\n\n\n<div id=\"athemes-blocks-block-4a68f387\" class=\"wp-block-athemes-athemes-blocks-block-container athemes-blocks-block athemes-blocks-block-4a68f387 athemes-blocks-block-container alignfull\"><div class=\"athemes-blocks-block-container-wrapper athemes-blocks-block-container-bg-cover athemes-blocks-block-container-bg-effect-scroll\"><div class=\"athemes-blocks-block-container-wrapper-content\">\n<div style=\"height:40px\" aria-hidden=\"true\" class=\"wp-block-spacer\"><\/div>\n\n\n\n<h2 class=\"alignfull has-text-align-center has-extra-large-font-size\">D\u00e9couvrez nos r\u00e9alisations de mobiliers les plus r\u00e9cents..<\/h2>\n\n\n\n<div style=\"height:10px\" aria-hidden=\"true\" class=\"wp-block-spacer\"><\/div>\n<\/div><\/div><\/div>\n\n\n<div class=\"pt-cv-wrapper\"><div class=\"pt-cv-view pt-cv-grid pt-cv-colsys\" id=\"pt-cv-view-ee29830hzp\"><div data-id=\"pt-cv-page-1\" class=\"pt-cv-page\" data-cvc=\"3\"><div class=\"col-md-4 col-sm-6 col-xs-12 pt-cv-content-item pt-cv-1-col\" ><div class='pt-cv-ifield'><a href=\"https:\/\/labrigadedeco.fr\/index.php\/2021\/10\/29\/meuble-caisson-3\/\" class=\"_self pt-cv-href-thumbnail pt-cv-thumb-default\" target=\"_self\" ><img width=\"225\" height=\"300\" src=\"https:\/\/labrigadedeco.fr\/wp-content\/uploads\/2021\/10\/IMG_1197-225x300.png\" class=\"pt-cv-thumbnail\" alt=\"\" loading=\"lazy\" srcset=\"https:\/\/labrigadedeco.fr\/wp-content\/uploads\/2021\/10\/IMG_1197-225x300.png 225w, https:\/\/labrigadedeco.fr\/wp-content\/uploads\/2021\/10\/IMG_1197-750x1000.png 750w, https:\/\/labrigadedeco.fr\/wp-content\/uploads\/2021\/10\/IMG_1197-768x1024.png 768w, https:\/\/labrigadedeco.fr\/wp-content\/uploads\/2021\/10\/IMG_1197-1152x1536.png 1152w, https:\/\/labrigadedeco.fr\/wp-content\/uploads\/2021\/10\/IMG_1197-1536x2048.png 1536w, https:\/\/labrigadedeco.fr\/wp-content\/uploads\/2021\/10\/IMG_1197-150x200.png 150w, https:\/\/labrigadedeco.fr\/wp-content\/uploads\/2021\/10\/IMG_1197-1140x1520.png 1140w, https:\/\/labrigadedeco.fr\/wp-content\/uploads\/2021\/10\/IMG_1197-920x1227.png 920w, https:\/\/labrigadedeco.fr\/wp-content\/uploads\/2021\/10\/IMG_1197-380x507.png 380w\" sizes=\"(max-width: 225px) 100vw, 225px\" \/><\/a><\/div><\/div>\n<div class=\"col-md-4 col-sm-6 col-xs-12 pt-cv-content-item pt-cv-1-col\" ><div class='pt-cv-ifield'><a href=\"https:\/\/labrigadedeco.fr\/index.php\/2021\/10\/29\/meuble-caisson-2\/\" class=\"_self pt-cv-href-thumbnail pt-cv-thumb-default\" target=\"_self\" ><img width=\"225\" height=\"300\" src=\"https:\/\/labrigadedeco.fr\/wp-content\/uploads\/2021\/10\/IMG_1196-225x300.png\" class=\"pt-cv-thumbnail\" alt=\"\" loading=\"lazy\" srcset=\"https:\/\/labrigadedeco.fr\/wp-content\/uploads\/2021\/10\/IMG_1196-225x300.png 225w, https:\/\/labrigadedeco.fr\/wp-content\/uploads\/2021\/10\/IMG_1196-750x1000.png 750w, https:\/\/labrigadedeco.fr\/wp-content\/uploads\/2021\/10\/IMG_1196-768x1024.png 768w, https:\/\/labrigadedeco.fr\/wp-content\/uploads\/2021\/10\/IMG_1196-1152x1536.png 1152w, https:\/\/labrigadedeco.fr\/wp-content\/uploads\/2021\/10\/IMG_1196-1536x2048.png 1536w, https:\/\/labrigadedeco.fr\/wp-content\/uploads\/2021\/10\/IMG_1196-150x200.png 150w, https:\/\/labrigadedeco.fr\/wp-content\/uploads\/2021\/10\/IMG_1196-1140x1520.png 1140w, https:\/\/labrigadedeco.fr\/wp-content\/uploads\/2021\/10\/IMG_1196-920x1227.png 920w, https:\/\/labrigadedeco.fr\/wp-content\/uploads\/2021\/10\/IMG_1196-380x507.png 380w\" sizes=\"(max-width: 225px) 100vw, 225px\" \/><\/a><\/div><\/div>\n<div class=\"col-md-4 col-sm-6 col-xs-12 pt-cv-content-item pt-cv-1-col\" ><div class='pt-cv-ifield'><a href=\"https:\/\/labrigadedeco.fr\/index.php\/2021\/10\/29\/meuble-caisson\/\" class=\"_self pt-cv-href-thumbnail pt-cv-thumb-default\" target=\"_self\" ><img width=\"225\" height=\"300\" src=\"https:\/\/labrigadedeco.fr\/wp-content\/uploads\/2021\/10\/IMG_1198-225x300.png\" class=\"pt-cv-thumbnail\" alt=\"\" loading=\"lazy\" srcset=\"https:\/\/labrigadedeco.fr\/wp-content\/uploads\/2021\/10\/IMG_1198-225x300.png 225w, https:\/\/labrigadedeco.fr\/wp-content\/uploads\/2021\/10\/IMG_1198-750x1000.png 750w, https:\/\/labrigadedeco.fr\/wp-content\/uploads\/2021\/10\/IMG_1198-768x1024.png 768w, https:\/\/labrigadedeco.fr\/wp-content\/uploads\/2021\/10\/IMG_1198-1152x1536.png 1152w, https:\/\/labrigadedeco.fr\/wp-content\/uploads\/2021\/10\/IMG_1198-1536x2048.png 1536w, https:\/\/labrigadedeco.fr\/wp-content\/uploads\/2021\/10\/IMG_1198-150x200.png 150w, https:\/\/labrigadedeco.fr\/wp-content\/uploads\/2021\/10\/IMG_1198-1140x1520.png 1140w, https:\/\/labrigadedeco.fr\/wp-content\/uploads\/2021\/10\/IMG_1198-920x1227.png 920w, https:\/\/labrigadedeco.fr\/wp-content\/uploads\/2021\/10\/IMG_1198-380x507.png 380w\" sizes=\"(max-width: 225px) 100vw, 225px\" \/><\/a><\/div><\/div><\/div><\/div><\/div>\n\n\n\n<div class=\"wp-block-group\"><div class=\"wp-block-group__inner-container\"><\/div><\/div>\n","protected":false},"excerpt":{"rendered":"<p>R\u00e9alisation d&#8217;un meuble de rangement<\/p>\n","protected":false},"author":1,"featured_media":0,"parent":0,"menu_order":0,"comment_status":"closed","ping_status":"closed","template":"","meta":[],"_links":{"self":[{"href":"https:\/\/labrigadedeco.fr\/index.php\/wp-json\/wp\/v2\/pages\/505"}],"collection":[{"href":"https:\/\/labrigadedeco.fr\/index.php\/wp-json\/wp\/v2\/pages"}],"about":[{"href":"https:\/\/labrigadedeco.fr\/index.php\/wp-json\/wp\/v2\/types\/page"}],"author":[{"embeddable":true,"href":"https:\/\/labrigadedeco.fr\/index.php\/wp-json\/wp\/v2\/users\/1"}],"replies":[{"embeddable":true,"href":"https:\/\/labrigadedeco.fr\/index.php\/wp-json\/wp\/v2\/comments?post=505"}],"version-history":[{"count":11,"href":"https:\/\/labrigadedeco.fr\/index.php\/wp-json\/wp\/v2\/pages\/505\/revisions"}],"predecessor-version":[{"id":610,"href":"https:\/\/labrigadedeco.fr\/index.php\/wp-json\/wp\/v2\/pages\/505\/revisions\/610"}],"wp:attachment":[{"href":"https:\/\/labrigadedeco.fr\/index.php\/wp-json\/wp\/v2\/media?parent=505"}],"curies":[{"name":"wp","href":"https:\/\/api.w.org\/{rel}","templated":true}]}}